2, what is -110000010001011100 + 100011?
-110000010000111001
In base 8, what is -62617 + 12410?
-50207
In base 8, what is 2 - 65571775?
-65571773
In base 11, what is 30 + 218392?
218412
In base 13, what is 10b907b7 - 1?
10b907b6
In base 8, what is 15134 + -22625?
-5471
In base 16, what is -2 + -1a698d?
-1a698f
In base 14, what is -d4 + -5d04?
-5dd8
In base 8, what is -34212 + -201633?
-236045
In base 14, what is -4 + -60359b?
-6035a1
In base 4, what is -1203 - 10201031213?
-10201033022
In base 2, what is 10001 - -101111011010000001110?
101111011010000011111
In base 16, what is 742c + 6bb?
7ae7
In base 4, what is 12 - 2013331203023?
-2013331203011
In base 10, what is 30691 + -112?
30579
In base 9, what is 4176225 + 0?
4176225
In base 7, what is 1226221612 - -5?
1226221620
In base 10, what is -484103906 + 5?
-484103901
In base 10, what is 5 + 5285497?
5285502
In base 6, what is -20533334425 - 3?
-20533334432
In base 3, what is 10202222020 - -2112120?
10212111210
In base 14, what is 9c - -11082c?
1108ca
In base 9, what is 5 - -32220572?
32220577
In base 12, what is -753882 - -57?
-753827
In base 8, what is 21440630 + 146?
21440776
In base 13, what is -130a8 - -1a?
-1308b
In base 7, what is -2343 - 126311?
-131654
In base 6, what is -403 + -1253443?
-1254250
In base 12, what is -1 - 12302ba?
-12302bb
In base 9, what is 154213 - 25?
154177
In base 10, what is -4109 - 17514?
-21623
In base 6, what is -53000032 + -15?
-53000051
In base 8, what is 434727630 - 1?
434727627
In base 4, what is -22 - 10301013000032?
-10301013000120
In base 7, what is -3 - -2036212?
2036206
In base 4, what is -100 - -1202221012?
1202220312
In base 7, what is 4333631 - 14?
4333614
In base 15, what is 1 - 3b32e4?
-3b32e3
In base 4, what is 10 - -31121021033?
31121021103
In base 16, what is -2c + 264?
238
In base 13, what is 4a6 - 2248?
-1a72
In base 12, what is 1820a2 - 33?
18206b
In base 16, what is 366c + 168?
37d4
In base 3, what is -11012200221222 - 1?
-11012200222000
In base 15, what is -16810 - -1d7?
-16628
In base 14, what is 336 + 249a?
27d2
In base 8, what is 0 + -654717342?
-654717342
In base 4, what is 12033120330121 + 11?
12033120330132
In base 4, what is -2000222301123 + 1?
-2000222301122
In base 2, what is 10111101011010100010000111 + -100?
10111101011010100010000011
In base 11, what is 29 + 207173a?
2071768
In base 3, what is -2 + -200221110220002?
-200221110220011
In base 15, what is 13de4abc - -5?
13de4ac2
In base 14, what is -6cd - -bcc?
4dd
In base 5, what is -22 + 34422023334?
34422023312
In base 11, what is 2491 - -12293?
14774
In base 15, what is -e135 + -3bd?
-e503
In base 5, what is 10201 + -10004313?
-4444112
In base 12, what is 14382 - -3673?
17a35
In base 2, what is 11 - 11011000010100011110000?
-11011000010100011101101
In base 2, what is 111010001011 - 1001111001000?
-10100111101
In base 7, what is -115012 + 63?
-114616
In base 12, what is 3534 - -366?
389a
In base 16, what is 407 + -308c?
-2c85
In base 16, what is 7 + -7fdf6b?
-7fdf64
In base 10, what is 5 - -243735666?
243735671
In base 10, what is 9445023 + -5?
9445018
In base 15, what is 0 - 3a878be?
-3a878be
In base 15, what is -9e2728 - a?
-9e2733
In base 7, what is 21422 + 544354?
566106
In base 16, what is 3e7c3f + -16?
3e7c29
In base 11, what is 559a79 + -1261?
558818
In base 3, what is 1100220111111222 - -10?
1100220111112002
In base 15, what is -4b2272 - -be?
-4b21a3
In base 10, what is 425485 + -3?
425482
In base 2, what is -110 - 1010110011010110111111?
-1010110011010111000101
In base 4, what is 10030120202313 + -20?
10030120202233
In base 16, what is 3c + -176454?
-176418
In base 7, what is 123046514 + 34?
123046551
In base 6, what is -50052452 - 1?
-50052453
In base 8, what is 2677 + 102467?
105366
In base 8, what is 45366 + 311?
45677
In base 8, what is 55562 - -346?
56130
In base 3, what is 21202 - 11112112100?
-11112020121
In base 2, what is 1000011110101001111 + -11100101110?
1000011011000100001
In base 10, what is 83209 - -1188?
84397
In base 3, what is 12120 + 11210122002?
11210211122
In base 16, what is -27c1 - -fb?
-26c6
In base 14, what is 615c - 6cab?
-b4d
In base 7, what is 351 + 105255223?
105255604
In base 2, what is -110000010 + -1000010010010111?
-1000011000011001
In base 12, what is -645 - -b16a?
a725
In base 16, what is f18e24 - 17?
f18e0d
In base 12, what is -2a14a + -35?
-2a183
In base 4, what is 1032 - 21111313031?
-21111311333
In base 2, what is 111110000100010110 - 10?
111110000100010100
In base 11, what is 5 - -13370151a?
133701524
In base 11, what is -1645 + 5a7?
-1049
In base 16, what is -196b4 - -13?
-196a1
In base 9, what is -16477 + 622?
-15755
In base 5, what is 40142013 - -10?
40142023
In base 11, what is -2a862 - 158?
-2aa0a
In base 15, what is -34 - -701b8?
70184
In base 10, what is -15174 + 8870?
-6304
In base 9, what is -6231 + -532?
-6763
In base 8, what is 3405 + 5022?
10427
In base 8, what is -743143 + 355?
-742566
In base 6, what is -154045152 + -204?
-154045400
In base 3, what is 10002 - -10011022110?
10011102112
In base 4, what is -10210321031 + -30?
-10210321121
In base 15, what is -64191d6 + 5?
-64191d1
In base 14, what is -20b973 + -107?
-20ba7a
In base 7, what is -535 + 12526235?
12525400
In base 8, what is -11571 + 24002?
12211
In base 15, what is -78 - 231357?
-2313d0
In base 12, what is 392713b + -b?
3927130
In base 12, what is 5 + -214700b2?
-214700a9
In base 5, what is -102110443 - 3240?
-102114233
In base 5, what is -11114 - 310204?
-321323
In base 7, what is 14341 + -55542?
-41201
In base 15, what is 70e20 + -24?
70deb
In base 16, what is -99 - -1454d5?
14543c
In base 15, what is 1 + -2796b80?
-2796b7e
In base 7, what is 16353 - -134?
16520
In base 13, what is 266 + 7600?
7866
In base 14, what is -a + 12b0d29?
12b0d1d
In base 15, what is -87ac - -6ba?
-80e2
In base 11, what is 4 - -4821946?
482194a
In base 2, what is -101 + 100010011101110000111001111?
100010011101110000111001010
In base 5, what is -221040302444 + 0?
-221040302444
In base 3, what is -2200 + 110122210101?
110122200201
In base 4, what is 33 + -332000220?
-332000121
In base 5, what is -110242 + 342424?
232132
In base 13, what is 32 + 111143?
111175
In base 9, what is -1 + -550321046?
-550321047
In base 7, what is 5 - 524425155?
-524425150
In base 13, what is 51 - 2b9956a?
-2b99519
In base 7, what is -15661 - -3331?
-12330
In base 11, what is -9754 + a025?
381
In base 9, what is 1115 + 154760?
155875
In base 14, what is 6 - 38a4735?
-38a472d
In base 8, what is 2267342 + 50?
2267412
In base 3, what is 10222 - -111221201220222?
111221202001221
In base 7, what is -443643 - 464?
-444440
In base 10, what is 22510363 + 2?
22510365
In base 4, what is 13333203021 + -1021?
13333202000
In base 11, what is 107752 + -44?
107709
In base 6, what is 11351505 - -4?
11351513
In base 3, what is -111 - 200220200210020?
-200220200210201
In base 16, what is 0 + -76caf88?
-76caf88
In base 4, what is 11022220200120 + 10?
11022220200130
In base 6, what is -42405415 + 554?
-42404421
In base 5, what is -1300 - -123400113?
123343313
In base 6, what is 4415222 + 250?
4415512
In base 15, what is -5 - 2101825?
-210182a
In base 9, what is 378235 - 144?
378081
In base 3, what is -2 + 21122222010212?
21122222010210
In base 16, what is 355f9 - 74?
35585
In base 10, what is -35824014 - -5?
-35824009
In base 15, what is -9 - 20c33?
-20c3c
In base 15, what is bc6b07 - -9?
bc6b11
In base 2, what is -111111101110001010111100010 + -101?
-111111101110001010111100111
In base 7, what is -1403035 - 2306?
-1405344
In base 7, what is 1022552 - -4251?
1030133
In base 13, what is -2 - -13114a1?
131149c
In base 8, what is 1 + 102555517?
102555520
In base 3, what is -11210000010 + 12110?
-11202210200
In base 7, what is -34111356 - 33?
-34111422
In base 11, what is 3484847 + -45?
3484802
In base 14, what is 4d23b1 + -2?
4d23ad
In base 13, what is b335b - 148a?
b1ba1
In base 15, what is -b - -54d97?
54d8b
In base 2, what is 1111110101000 - -11100001010?
10011010110010
In base 8, what is -1347616502 + -3?
-1347616505
In base 5, what is 3 + 2013003132?
2013003140
In base 14, what is 5 + -124759da?
-124759d5
In base 12, what is -42506 + 210?
-422b6
In base 5, what is 13 + 121024343?
121024411
In base 16, what is 31 - 5